{"id":11,"date":"2022-04-05T05:25:23","date_gmt":"2022-04-05T05:25:23","guid":{"rendered":"https:\/\/boehmerlangi.de\/?page_id=11"},"modified":"2026-03-29T08:09:37","modified_gmt":"2026-03-29T08:09:37","slug":"startseite","status":"publish","type":"page","link":"https:\/\/boehmerlangi.de\/","title":{"rendered":"B\u00f6hmerlangi"},"content":{"rendered":"\n<pre class=\"wp-block-verse has-text-align-center\" style=\"font-size:28px\">Durch die Geschichte der Deutschen in B\u00f6hmen - Vortr\u00e4ge, Publikationen, Fachberatung f\u00fcr Filmproduktionen, B\u00fccher und Ausstellungen<\/pre>\n\n\n<div class=\"wp-block-image\">\n<figure data-wp-context=\"{&quot;imageId&quot;:&quot;69e14b5eece62&quot;}\" data-wp-interactive=\"core\/image\" data-wp-key=\"69e14b5eece62\" class=\"aligncenter size-large wp-lightbox-container\"><img loading=\"lazy\" decoding=\"async\" width=\"1024\" height=\"724\" data-wp-class--hide=\"state.isContentHidden\" data-wp-class--show=\"state.isContentVisible\" data-wp-init=\"callbacks.setButtonStyles\" data-wp-on--click=\"actions.showLightbox\" data-wp-on--load=\"callbacks.setButtonStyles\" data-wp-on-window--resize=\"callbacks.setButtonStyles\" src=\"https:\/\/boehmerlangi.de\/wp-content\/uploads\/2026\/03\/BuchCover_BE_1_2-1024x724.jpg\" alt=\"\" class=\"wp-image-448\" srcset=\"https:\/\/boehmerlangi.de\/wp-content\/uploads\/2026\/03\/BuchCover_BE_1_2-1024x724.jpg 1024w, https:\/\/boehmerlangi.de\/wp-content\/uploads\/2026\/03\/BuchCover_BE_1_2-300x212.jpg 300w, https:\/\/boehmerlangi.de\/wp-content\/uploads\/2026\/03\/BuchCover_BE_1_2-768x543.jpg 768w, https:\/\/boehmerlangi.de\/wp-content\/uploads\/2026\/03\/BuchCover_BE_1_2-1536x1086.jpg 1536w, https:\/\/boehmerlangi.de\/wp-content\/uploads\/2026\/03\/BuchCover_BE_1_2-2048x1448.jpg 2048w\" sizes=\"auto, (max-width: 1024px) 100vw, 1024px\" \/><button\n\t\t\tclass=\"lightbox-trigger\"\n\t\t\ttype=\"button\"\n\t\t\taria-haspopup=\"dialog\"\n\t\t\taria-label=\"Vergr\u00f6\u00dfern\"\n\t\t\tdata-wp-init=\"callbacks.initTriggerButton\"\n\t\t\tdata-wp-on--click=\"actions.showLightbox\"\n\t\t\tdata-wp-style--right=\"state.imageButtonRight\"\n\t\t\tdata-wp-style--top=\"state.imageButtonTop\"\n\t\t>\n\t\t\t<svg xmlns=\"http:\/\/www.w3.org\/2000\/svg\" width=\"12\" height=\"12\" fill=\"none\" viewBox=\"0 0 12 12\">\n\t\t\t\t<path fill=\"#fff\" d=\"M2 0a2 2 0 0 0-2 2v2h1.5V2a.5.5 0 0 1 .5-.5h2V0H2Zm2 10.5H2a.5.5 0 0 1-.5-.5V8H0v2a2 2 0 0 0 2 2h2v-1.5ZM8 12v-1.5h2a.5.5 0 0 0 .5-.5V8H12v2a2 2 0 0 1-2 2H8Zm2-12a2 2 0 0 1 2 2v2h-1.5V2a.5.5 0 0 0-.5-.5H8V0h2Z\" \/>\n\t\t\t<\/svg>\n\t\t<\/button><figcaption class=\"wp-element-caption\"><strong><a href=\"https:\/\/boehmerlangi.de\/?page_id=464\" data-type=\"page\" data-id=\"464\">Bestellung<\/a><\/strong><\/figcaption><\/figure>\n<\/div>\n\n\n<figure class=\"wp-block-gallery has-nested-images columns-default is-cropped wp-block-gallery-1 is-layout-flex wp-block-gallery-is-layout-flex\">\n<figure class=\"wp-block-image size-full\"><img loading=\"lazy\" decoding=\"async\" width=\"800\" height=\"514\" data-id=\"110\" src=\"https:\/\/boehmerlangi.de\/wp-content\/uploads\/2022\/04\/InstrumentenbauGraslitz_Colorized.jpg\" alt=\"\" class=\"wp-image-110\" srcset=\"https:\/\/boehmerlangi.de\/wp-content\/uploads\/2022\/04\/InstrumentenbauGraslitz_Colorized.jpg 800w, https:\/\/boehmerlangi.de\/wp-content\/uploads\/2022\/04\/InstrumentenbauGraslitz_Colorized-300x193.jpg 300w, https:\/\/boehmerlangi.de\/wp-content\/uploads\/2022\/04\/InstrumentenbauGraslitz_Colorized-768x493.jpg 768w\" sizes=\"auto, (max-width: 800px) 100vw, 800px\" \/><figcaption class=\"wp-element-caption\">Geigenbauer in Graslitz<\/figcaption><\/figure>\n\n\n\n<figure class=\"wp-block-image size-large\"><img loading=\"lazy\" decoding=\"async\" width=\"1024\" height=\"643\" data-id=\"62\" src=\"https:\/\/boehmerlangi.de\/wp-content\/uploads\/2022\/04\/VogelbeerKupferhuebel-1024x643.jpg\" alt=\"\" class=\"wp-image-62\" srcset=\"https:\/\/boehmerlangi.de\/wp-content\/uploads\/2022\/04\/VogelbeerKupferhuebel-1024x643.jpg 1024w, https:\/\/boehmerlangi.de\/wp-content\/uploads\/2022\/04\/VogelbeerKupferhuebel-300x189.jpg 300w, https:\/\/boehmerlangi.de\/wp-content\/uploads\/2022\/04\/VogelbeerKupferhuebel-768x483.jpg 768w, https:\/\/boehmerlangi.de\/wp-content\/uploads\/2022\/04\/VogelbeerKupferhuebel-1536x965.jpg 1536w, https:\/\/boehmerlangi.de\/wp-content\/uploads\/2022\/04\/VogelbeerKupferhuebel-2048x1287.jpg 2048w\" sizes=\"auto, (max-width: 1024px) 100vw, 1024px\" \/><\/figure>\n\n\n\n<figure class=\"wp-block-image size-large\"><img loading=\"lazy\" decoding=\"async\" width=\"1024\" height=\"652\" data-id=\"63\" src=\"https:\/\/boehmerlangi.de\/wp-content\/uploads\/2022\/04\/Zwittermuehl-1024x652.jpg\" alt=\"\" class=\"wp-image-63\" srcset=\"https:\/\/boehmerlangi.de\/wp-content\/uploads\/2022\/04\/Zwittermuehl-1024x652.jpg 1024w, https:\/\/boehmerlangi.de\/wp-content\/uploads\/2022\/04\/Zwittermuehl-300x191.jpg 300w, https:\/\/boehmerlangi.de\/wp-content\/uploads\/2022\/04\/Zwittermuehl-768x489.jpg 768w, https:\/\/boehmerlangi.de\/wp-content\/uploads\/2022\/04\/Zwittermuehl-1536x978.jpg 1536w, https:\/\/boehmerlangi.de\/wp-content\/uploads\/2022\/04\/Zwittermuehl-2048x1304.jpg 2048w\" sizes=\"auto, (max-width: 1024px) 100vw, 1024px\" \/><figcaption class=\"wp-element-caption\">Zwitterm\u00fchl<\/figcaption><\/figure>\n\n\n\n<figure class=\"wp-block-image size-large\"><img loading=\"lazy\" decoding=\"async\" width=\"800\" height=\"498\" data-id=\"64\" src=\"https:\/\/boehmerlangi.de\/wp-content\/uploads\/2022\/04\/Grenzbuche_Colorized.jpg\" alt=\"\" class=\"wp-image-64\" srcset=\"https:\/\/boehmerlangi.de\/wp-content\/uploads\/2022\/04\/Grenzbuche_Colorized.jpg 800w, https:\/\/boehmerlangi.de\/wp-content\/uploads\/2022\/04\/Grenzbuche_Colorized-300x187.jpg 300w, https:\/\/boehmerlangi.de\/wp-content\/uploads\/2022\/04\/Grenzbuche_Colorized-768x478.jpg 768w\" sizes=\"auto, (max-width: 800px) 100vw, 800px\" \/><figcaption class=\"wp-element-caption\">Grenzbuche Zinnwald<\/figcaption><\/figure>\n\n\n\n<figure class=\"wp-block-image size-full\"><img loading=\"lazy\" decoding=\"async\" width=\"800\" height=\"609\" data-id=\"111\" src=\"https:\/\/boehmerlangi.de\/wp-content\/uploads\/2022\/04\/Haeuslerstube_Colorized.jpg\" alt=\"\" class=\"wp-image-111\" srcset=\"https:\/\/boehmerlangi.de\/wp-content\/uploads\/2022\/04\/Haeuslerstube_Colorized.jpg 800w, https:\/\/boehmerlangi.de\/wp-content\/uploads\/2022\/04\/Haeuslerstube_Colorized-300x228.jpg 300w, https:\/\/boehmerlangi.de\/wp-content\/uploads\/2022\/04\/Haeuslerstube_Colorized-768x585.jpg 768w\" sizes=\"auto, (max-width: 800px) 100vw, 800px\" \/><\/figure>\n\n\n\n<figure class=\"wp-block-image size-large\"><img loading=\"lazy\" decoding=\"async\" width=\"800\" height=\"500\" data-id=\"69\" src=\"https:\/\/boehmerlangi.de\/wp-content\/uploads\/2022\/04\/JosefMueller1928_Colorized.jpg\" alt=\"\" class=\"wp-image-69\" srcset=\"https:\/\/boehmerlangi.de\/wp-content\/uploads\/2022\/04\/JosefMueller1928_Colorized.jpg 800w, https:\/\/boehmerlangi.de\/wp-content\/uploads\/2022\/04\/JosefMueller1928_Colorized-300x188.jpg 300w, https:\/\/boehmerlangi.de\/wp-content\/uploads\/2022\/04\/JosefMueller1928_Colorized-768x480.jpg 768w\" sizes=\"auto, (max-width: 800px) 100vw, 800px\" \/><figcaption class=\"wp-element-caption\">Niklasberg<\/figcaption><\/figure>\n\n\n\n<figure class=\"wp-block-image size-large\"><img loading=\"lazy\" decoding=\"async\" width=\"800\" height=\"492\" data-id=\"67\" src=\"https:\/\/boehmerlangi.de\/wp-content\/uploads\/2022\/04\/KircheEichwald_Colorized.jpg\" alt=\"\" class=\"wp-image-67\" srcset=\"https:\/\/boehmerlangi.de\/wp-content\/uploads\/2022\/04\/KircheEichwald_Colorized.jpg 800w, https:\/\/boehmerlangi.de\/wp-content\/uploads\/2022\/04\/KircheEichwald_Colorized-300x185.jpg 300w, https:\/\/boehmerlangi.de\/wp-content\/uploads\/2022\/04\/KircheEichwald_Colorized-768x472.jpg 768w\" sizes=\"auto, (max-width: 800px) 100vw, 800px\" \/><figcaption class=\"wp-element-caption\">Kirche in Eichwald<\/figcaption><\/figure>\n\n\n\n<figure class=\"wp-block-image size-large\"><img loading=\"lazy\" decoding=\"async\" width=\"800\" height=\"516\" data-id=\"65\" src=\"https:\/\/boehmerlangi.de\/wp-content\/uploads\/2022\/04\/NeuhammerAnsicht_KuK_Colorized.jpg\" alt=\"\" class=\"wp-image-65\" srcset=\"https:\/\/boehmerlangi.de\/wp-content\/uploads\/2022\/04\/NeuhammerAnsicht_KuK_Colorized.jpg 800w, https:\/\/boehmerlangi.de\/wp-content\/uploads\/2022\/04\/NeuhammerAnsicht_KuK_Colorized-300x194.jpg 300w, https:\/\/boehmerlangi.de\/wp-content\/uploads\/2022\/04\/NeuhammerAnsicht_KuK_Colorized-768x495.jpg 768w\" sizes=\"auto, (max-width: 800px) 100vw, 800px\" \/><figcaption class=\"wp-element-caption\">Neuhammer<\/figcaption><\/figure>\n\n\n\n<figure class=\"wp-block-image size-full\"><img loading=\"lazy\" decoding=\"async\" width=\"800\" height=\"575\" data-id=\"113\" src=\"https:\/\/boehmerlangi.de\/wp-content\/uploads\/2022\/04\/MarkttagSaaz_Colorized.jpg\" alt=\"\" class=\"wp-image-113\" srcset=\"https:\/\/boehmerlangi.de\/wp-content\/uploads\/2022\/04\/MarkttagSaaz_Colorized.jpg 800w, https:\/\/boehmerlangi.de\/wp-content\/uploads\/2022\/04\/MarkttagSaaz_Colorized-300x216.jpg 300w, https:\/\/boehmerlangi.de\/wp-content\/uploads\/2022\/04\/MarkttagSaaz_Colorized-768x552.jpg 768w\" sizes=\"auto, (max-width: 800px) 100vw, 800px\" \/><figcaption class=\"wp-element-caption\">Markttag in Saaz<\/figcaption><\/figure>\n\n\n\n<figure class=\"wp-block-image size-full\"><img loading=\"lazy\" decoding=\"async\" width=\"800\" height=\"579\" data-id=\"114\" src=\"https:\/\/boehmerlangi.de\/wp-content\/uploads\/2022\/04\/Tuppelbug_Colorized.jpg\" alt=\"\" class=\"wp-image-114\" srcset=\"https:\/\/boehmerlangi.de\/wp-content\/uploads\/2022\/04\/Tuppelbug_Colorized.jpg 800w, https:\/\/boehmerlangi.de\/wp-content\/uploads\/2022\/04\/Tuppelbug_Colorized-300x217.jpg 300w, https:\/\/boehmerlangi.de\/wp-content\/uploads\/2022\/04\/Tuppelbug_Colorized-768x556.jpg 768w\" sizes=\"auto, (max-width: 800px) 100vw, 800px\" \/><\/figure>\n<\/figure>\n","protected":false},"excerpt":{"rendered":"<p>Durch die Geschichte der Deutschen in B\u00f6hmen &#8211; Vortr\u00e4ge, Publikationen, Fachberatung f\u00fcr Filmproduktionen, B\u00fccher und Ausstellungen<\/p>\n","protected":false},"author":1,"featured_media":0,"parent":0,"menu_order":0,"comment_status":"closed","ping_status":"closed","template":"","meta":{"footnotes":""},"class_list":["post-11","page","type-page","status-publish","hentry"],"_links":{"self":[{"href":"https:\/\/boehmerlangi.de\/index.php?rest_route=\/wp\/v2\/pages\/11","targetHints":{"allow":["GET"]}}],"collection":[{"href":"https:\/\/boehmerlangi.de\/index.php?rest_route=\/wp\/v2\/pages"}],"about":[{"href":"https:\/\/boehmerlangi.de\/index.php?rest_route=\/wp\/v2\/types\/page"}],"author":[{"embeddable":true,"href":"https:\/\/boehmerlangi.de\/index.php?rest_route=\/wp\/v2\/users\/1"}],"replies":[{"embeddable":true,"href":"https:\/\/boehmerlangi.de\/index.php?rest_route=%2Fwp%2Fv2%2Fcomments&post=11"}],"version-history":[{"count":31,"href":"https:\/\/boehmerlangi.de\/index.php?rest_route=\/wp\/v2\/pages\/11\/revisions"}],"predecessor-version":[{"id":477,"href":"https:\/\/boehmerlangi.de\/index.php?rest_route=\/wp\/v2\/pages\/11\/revisions\/477"}],"wp:attachment":[{"href":"https:\/\/boehmerlangi.de\/index.php?rest_route=%2Fwp%2Fv2%2Fmedia&parent=11"}],"curies":[{"name":"wp","href":"https:\/\/api.w.org\/{rel}","templated":true}]}}