{"id":4,"date":"2022-04-04T12:44:41","date_gmt":"2022-04-04T12:44:41","guid":{"rendered":"https:\/\/boehmerlangi.de\/?page_id=4"},"modified":"2025-09-23T08:11:15","modified_gmt":"2025-09-23T08:11:15","slug":"willkommen-auf-https-boehmerlangi-de","status":"publish","type":"page","link":"https:\/\/boehmerlangi.de\/?page_id=4","title":{"rendered":"Wer ist B\u00f6hmerlangi?"},"content":{"rendered":"\n<p class=\"has-medium-font-size\" style=\"font-style:normal;font-weight:500\">Mit b\u00fcrgerlichem Namen hei\u00dfe ich Thomas Lang. Da ich mich seit l\u00e4ngerer Zeit mit der Geschichte meiner Vorfahren in B\u00f6hmen besch\u00e4ftige, nennt man mich auch &#8222;B\u00f6hmerlangi&#8220;.<\/p>\n\n\n\n<figure class=\"wp-block-image size-full\"><img loading=\"lazy\" decoding=\"async\" width=\"960\" height=\"582\" src=\"https:\/\/boehmerlangi.de\/wp-content\/uploads\/2022\/04\/GasthofSonneRGB.jpg\" alt=\"\" class=\"wp-image-136\" srcset=\"https:\/\/boehmerlangi.de\/wp-content\/uploads\/2022\/04\/GasthofSonneRGB.jpg 960w, https:\/\/boehmerlangi.de\/wp-content\/uploads\/2022\/04\/GasthofSonneRGB-300x182.jpg 300w, https:\/\/boehmerlangi.de\/wp-content\/uploads\/2022\/04\/GasthofSonneRGB-768x466.jpg 768w\" sizes=\"auto, (max-width: 960px) 100vw, 960px\" \/><figcaption class=\"wp-element-caption\">B\u00f6hmerlangi und der &#8222;alte Korl&#8220; in Fleyh (Fotomontage)<\/figcaption><\/figure>\n\n\n\n<p><\/p>\n\n\n\n<p class=\"has-medium-font-size\" style=\"font-style:normal;font-weight:500\">Mein Vater, Karl Lang, wurde 1928 in B\u00f6hmisch Gr\u00fcnthal, einem Ortsteil von Brandau (Brandov), an der Grenze zu Sachsen bei Olbernhau geboren. Er lebte dort mit meinen Gro\u00dfeltern und seinem Bruder bis zur Vertreibung der Deutschen aus der Tschechoslowakei 1945 bis 1946. Meine Gro\u00dfmutter, Hanna Lang, f\u00fchrte erst einen Handel mit b\u00f6hmischen Bettfedern und hatte dann in unserem Haus in der Schweinitzgasse einen Gemischtwarenladen &#8211; im Volksmund Kolonialwarenladen oder einfach Kolonial genannt.<\/p>\n\n\n\n<p class=\"has-medium-font-size\" style=\"font-style:normal;font-weight:500\">Nach der Vertreibung begannen 1959 tschechische Grenztruppen mit dem Abriss aller H\u00e4user des Ortsteiles B\u00f6hmisch Gr\u00fcnthal um f\u00fcr den &#8222;Friedenszaun zur befreundeten DDR&#8220; freies Schussfeld zu bekommen. So kann ich leider das Haus und den Ort meiner Vorfahren nur in Gedanken besuchen. <\/p>\n\n\n\n<p class=\"has-black-color has-text-color has-medium-font-size\" style=\"font-style:normal;font-weight:500\">Seit ungef\u00e4hr 20 Jahren erkunde ich die ehemalige Heimat meiner Vorfahren und sammle alte Ansichtskarten, Wanderkarten, Sagen, Fotos, B\u00fccher, Dokumente usw. aus dem B\u00f6hmischen Erzgebirge und den nordwestb\u00f6hmischen Gebieten Deutschb\u00f6hmens. Um diese &#8222;Sch\u00e4tze&#8220; auch einer gr\u00f6\u00dferen \u00d6ffentlichkeit zug\u00e4nglich zu machen, habe ich Web-Seiten unter <\/p>\n\n\n\n<p class=\"has-text-align-center has-black-color has-text-color has-medium-font-size\" style=\"font-style:normal;font-weight:500\"><a href=\"http:\/\/www.boehmisches-erzgebirge.cz\" target=\"_blank\" rel=\"noreferrer noopener\">www.boehmisches-erzgebirge.cz<\/a> <\/p>\n\n\n\n<p class=\"has-black-color has-text-color has-medium-font-size\" style=\"font-style:normal;font-weight:500\">erstellt und entf\u00fchre interessiertes Publikum mit B\u00fcchern, <a href=\"https:\/\/boehmerlangi.de\/?page_id=97\" data-type=\"page\" data-id=\"97\">Lichtbildvortr\u00e4gen<\/a> und Ausstellungen in ein St\u00fcck fast verlorene Geschichte.<\/p>\n\n\n\n<figure class=\"wp-block-gallery has-nested-images columns-default is-cropped wp-block-gallery-1 is-layout-flex wp-block-gallery-is-layout-flex\">\n<figure class=\"wp-block-image size-full\"><img loading=\"lazy\" decoding=\"async\" width=\"464\" height=\"650\" data-id=\"26\" src=\"https:\/\/boehmerlangi.de\/wp-content\/uploads\/2022\/04\/lang36_web.jpg\" alt=\"\" class=\"wp-image-26\" srcset=\"https:\/\/boehmerlangi.de\/wp-content\/uploads\/2022\/04\/lang36_web.jpg 464w, https:\/\/boehmerlangi.de\/wp-content\/uploads\/2022\/04\/lang36_web-214x300.jpg 214w\" sizes=\"auto, (max-width: 464px) 100vw, 464px\" \/><figcaption class=\"wp-element-caption\">Meine Gro\u00dfmutter und mein Vater vor unserem Haus in B\u00f6hmisch Gr\u00fcnthal<\/figcaption><\/figure>\n\n\n\n<figure class=\"wp-block-image size-full\"><img loading=\"lazy\" decoding=\"async\" width=\"585\" height=\"426\" data-id=\"25\" src=\"https:\/\/boehmerlangi.de\/wp-content\/uploads\/2022\/04\/Vaterhaus.jpg\" alt=\"\" class=\"wp-image-25\" srcset=\"https:\/\/boehmerlangi.de\/wp-content\/uploads\/2022\/04\/Vaterhaus.jpg 585w, https:\/\/boehmerlangi.de\/wp-content\/uploads\/2022\/04\/Vaterhaus-300x218.jpg 300w\" sizes=\"auto, (max-width: 585px) 100vw, 585px\" \/><figcaption class=\"wp-element-caption\">Unser Haus in B\u00f6hmisch Gr\u00fcnthal<\/figcaption><\/figure>\n\n\n\n<figure class=\"wp-block-image size-full is-style-default\"><img loading=\"lazy\" decoding=\"async\" width=\"2560\" height=\"1619\" data-id=\"80\" src=\"https:\/\/boehmerlangi.de\/wp-content\/uploads\/2022\/04\/Dorfplatz-scaled.jpg\" alt=\"\" class=\"wp-image-80\" srcset=\"https:\/\/boehmerlangi.de\/wp-content\/uploads\/2022\/04\/Dorfplatz-scaled.jpg 2560w, https:\/\/boehmerlangi.de\/wp-content\/uploads\/2022\/04\/Dorfplatz-300x190.jpg 300w, https:\/\/boehmerlangi.de\/wp-content\/uploads\/2022\/04\/Dorfplatz-1024x648.jpg 1024w, https:\/\/boehmerlangi.de\/wp-content\/uploads\/2022\/04\/Dorfplatz-768x486.jpg 768w, https:\/\/boehmerlangi.de\/wp-content\/uploads\/2022\/04\/Dorfplatz-1536x971.jpg 1536w, https:\/\/boehmerlangi.de\/wp-content\/uploads\/2022\/04\/Dorfplatz-2048x1295.jpg 2048w\" sizes=\"auto, (max-width: 2560px) 100vw, 2560px\" \/><figcaption class=\"wp-element-caption\">B\u00f6hmisch Gr\u00fcnthal<\/figcaption><\/figure>\n\n\n\n<figure class=\"wp-block-image size-full\"><img loading=\"lazy\" decoding=\"async\" width=\"650\" height=\"426\" data-id=\"24\" src=\"https:\/\/boehmerlangi.de\/wp-content\/uploads\/2022\/04\/Bettfedern_web.jpg\" alt=\"\" class=\"wp-image-24\" srcset=\"https:\/\/boehmerlangi.de\/wp-content\/uploads\/2022\/04\/Bettfedern_web.jpg 650w, https:\/\/boehmerlangi.de\/wp-content\/uploads\/2022\/04\/Bettfedern_web-300x197.jpg 300w\" sizes=\"auto, (max-width: 650px) 100vw, 650px\" \/><figcaption class=\"wp-element-caption\">Visitenkarte meiner Gro\u00dfmutter<\/figcaption><\/figure>\n<\/figure>\n","protected":false},"excerpt":{"rendered":"<p>Mit b\u00fcrgerlichem Namen hei\u00dfe ich Thomas Lang. Da ich mich seit l\u00e4ngerer Zeit mit der Geschichte meiner Vorfahren in B\u00f6hmen besch\u00e4ftige, nennt man mich auch &#8222;B\u00f6hmerlangi&#8220;. Mein Vater, Karl Lang, wurde 1928 in B\u00f6hmisch Gr\u00fcnthal, einem Ortsteil von Brandau (Brandov), an der Grenze zu Sachsen bei Olbernhau geboren. Er lebte dort mit meinen Gro\u00dfeltern und [&hellip;]<\/p>\n","protected":false},"author":1,"featured_media":0,"parent":0,"menu_order":0,"comment_status":"closed","ping_status":"open","template":"","meta":{"footnotes":""},"class_list":["post-4","page","type-page","status-publish","hentry"],"_links":{"self":[{"href":"https:\/\/boehmerlangi.de\/index.php?rest_route=\/wp\/v2\/pages\/4","targetHints":{"allow":["GET"]}}],"collection":[{"href":"https:\/\/boehmerlangi.de\/index.php?rest_route=\/wp\/v2\/pages"}],"about":[{"href":"https:\/\/boehmerlangi.de\/index.php?rest_route=\/wp\/v2\/types\/page"}],"author":[{"embeddable":true,"href":"https:\/\/boehmerlangi.de\/index.php?rest_route=\/wp\/v2\/users\/1"}],"replies":[{"embeddable":true,"href":"https:\/\/boehmerlangi.de\/index.php?rest_route=%2Fwp%2Fv2%2Fcomments&post=4"}],"version-history":[{"count":22,"href":"https:\/\/boehmerlangi.de\/index.php?rest_route=\/wp\/v2\/pages\/4\/revisions"}],"predecessor-version":[{"id":340,"href":"https:\/\/boehmerlangi.de\/index.php?rest_route=\/wp\/v2\/pages\/4\/revisions\/340"}],"wp:attachment":[{"href":"https:\/\/boehmerlangi.de\/index.php?rest_route=%2Fwp%2Fv2%2Fmedia&parent=4"}],"curies":[{"name":"wp","href":"https:\/\/api.w.org\/{rel}","templated":true}]}}

Wer ist Böhmerlangi?

<p class="has-medium-font-size" style="font-style:normal;font-weight:500">Mit bürgerlichem Namen heiße ich Thomas Lang. Da ich mich seit längerer Zeit mit der Geschichte meiner Vorfahren in Böhmen beschäftige, nennt man mich auch &#8222;Böhmerlangi&#8220;.</p>



<figure class="wp-block-image size-full"><img loading="lazy" decoding="async" width="960" height="582" src="https://boehmerlangi.de/wp-content/uploads/2022/04/GasthofSonneRGB.jpg" alt="" class="wp-image-136" srcset="https://boehmerlangi.de/wp-content/uploads/2022/04/GasthofSonneRGB.jpg 960w, https://boehmerlangi.de/wp-content/uploads/2022/04/GasthofSonneRGB-300x182.jpg 300w, https://boehmerlangi.de/wp-content/uploads/2022/04/GasthofSonneRGB-768x466.jpg 768w" sizes="auto, (max-width: 960px) 100vw, 960px" /><figcaption class="wp-element-caption">Böhmerlangi und der &#8222;alte Korl&#8220; in Fleyh (Fotomontage)</figcaption></figure>



<p></p>



<p class="has-medium-font-size" style="font-style:normal;font-weight:500">Mein Vater, Karl Lang, wurde 1928 in Böhmisch Grünthal, einem Ortsteil von Brandau (Brandov), an der Grenze zu Sachsen bei Olbernhau geboren. Er lebte dort mit meinen Großeltern und seinem Bruder bis zur Vertreibung der Deutschen aus der Tschechoslowakei 1945 bis 1946. Meine Großmutter, Hanna Lang, führte erst einen Handel mit böhmischen Bettfedern und hatte dann in unserem Haus in der Schweinitzgasse einen Gemischtwarenladen &#8211; im Volksmund Kolonialwarenladen oder einfach Kolonial genannt.</p>



<p class="has-medium-font-size" style="font-style:normal;font-weight:500">Nach der Vertreibung begannen 1959 tschechische Grenztruppen mit dem Abriss aller Häuser des Ortsteiles Böhmisch Grünthal um für den &#8222;Friedenszaun zur befreundeten DDR&#8220; freies Schussfeld zu bekommen. So kann ich leider das Haus und den Ort meiner Vorfahren nur in Gedanken besuchen. </p>



<p class="has-black-color has-text-color has-medium-font-size" style="font-style:normal;font-weight:500">Seit ungefähr 20 Jahren erkunde ich die ehemalige Heimat meiner Vorfahren und sammle alte Ansichtskarten, Wanderkarten, Sagen, Fotos, Bücher, Dokumente usw. aus dem Böhmischen Erzgebirge und den nordwestböhmischen Gebieten Deutschböhmens. Um diese &#8222;Schätze&#8220; auch einer größeren Öffentlichkeit zugänglich zu machen, habe ich Web-Seiten unter </p>



<p class="has-text-align-center has-black-color has-text-color has-medium-font-size" style="font-style:normal;font-weight:500"><a href="http://www.boehmisches-erzgebirge.cz" target="_blank" rel="noreferrer noopener">www.boehmisches-erzgebirge.cz</a> </p>



<p class="has-black-color has-text-color has-medium-font-size" style="font-style:normal;font-weight:500">erstellt und entführe interessiertes Publikum mit Büchern, <a href="https://boehmerlangi.de/?page_id=97" data-type="page" data-id="97">Lichtbildvorträgen</a> und Ausstellungen in ein Stück fast verlorene Geschichte.</p>



<figure class="wp-block-gallery has-nested-images columns-default is-cropped wp-block-gallery-1 is-layout-flex wp-block-gallery-is-layout-flex">
<figure class="wp-block-image size-full"><img loading="lazy" decoding="async" width="464" height="650" data-id="26" src="https://boehmerlangi.de/wp-content/uploads/2022/04/lang36_web.jpg" alt="" class="wp-image-26" srcset="https://boehmerlangi.de/wp-content/uploads/2022/04/lang36_web.jpg 464w, https://boehmerlangi.de/wp-content/uploads/2022/04/lang36_web-214x300.jpg 214w" sizes="auto, (max-width: 464px) 100vw, 464px" /><figcaption class="wp-element-caption">Meine Großmutter und mein Vater vor unserem Haus in Böhmisch Grünthal</figcaption></figure>



<figure class="wp-block-image size-full"><img loading="lazy" decoding="async" width="585" height="426" data-id="25" src="https://boehmerlangi.de/wp-content/uploads/2022/04/Vaterhaus.jpg" alt="" class="wp-image-25" srcset="https://boehmerlangi.de/wp-content/uploads/2022/04/Vaterhaus.jpg 585w, https://boehmerlangi.de/wp-content/uploads/2022/04/Vaterhaus-300x218.jpg 300w" sizes="auto, (max-width: 585px) 100vw, 585px" /><figcaption class="wp-element-caption">Unser Haus in Böhmisch Grünthal</figcaption></figure>



<figure class="wp-block-image size-full is-style-default"><img loading="lazy" decoding="async" width="2560" height="1619" data-id="80" src="https://boehmerlangi.de/wp-content/uploads/2022/04/Dorfplatz-scaled.jpg" alt="" class="wp-image-80" srcset="https://boehmerlangi.de/wp-content/uploads/2022/04/Dorfplatz-scaled.jpg 2560w, https://boehmerlangi.de/wp-content/uploads/2022/04/Dorfplatz-300x190.jpg 300w, https://boehmerlangi.de/wp-content/uploads/2022/04/Dorfplatz-1024x648.jpg 1024w, https://boehmerlangi.de/wp-content/uploads/2022/04/Dorfplatz-768x486.jpg 768w, https://boehmerlangi.de/wp-content/uploads/2022/04/Dorfplatz-1536x971.jpg 1536w, https://boehmerlangi.de/wp-content/uploads/2022/04/Dorfplatz-2048x1295.jpg 2048w" sizes="auto, (max-width: 2560px) 100vw, 2560px" /><figcaption class="wp-element-caption">Böhmisch Grünthal</figcaption></figure>



<figure class="wp-block-image size-full"><img loading="lazy" decoding="async" width="650" height="426" data-id="24" src="https://boehmerlangi.de/wp-content/uploads/2022/04/Bettfedern_web.jpg" alt="" class="wp-image-24" srcset="https://boehmerlangi.de/wp-content/uploads/2022/04/Bettfedern_web.jpg 650w, https://boehmerlangi.de/wp-content/uploads/2022/04/Bettfedern_web-300x197.jpg 300w" sizes="auto, (max-width: 650px) 100vw, 650px" /><figcaption class="wp-element-caption">Visitenkarte meiner Großmutter</figcaption></figure>
</figure>

<p>Mit bürgerlichem Namen heiße ich Thomas Lang. Da ich mich seit längerer Zeit mit der Geschichte meiner Vorfahren in Böhmen beschäftige, nennt man mich auch &#8222;Böhmerlangi&#8220;. Mein Vater, Karl Lang, wurde 1928 in Böhmisch Grünthal, einem Ortsteil von Brandau (Brandov), an der Grenze zu Sachsen bei Olbernhau geboren. Er lebte dort mit meinen Großeltern und [&hellip;]</p>
