{"id":46,"date":"2022-04-05T06:07:32","date_gmt":"2022-04-05T06:07:32","guid":{"rendered":"https:\/\/boehmerlangi.de\/?page_id=46"},"modified":"2026-01-21T06:21:36","modified_gmt":"2026-01-21T06:21:36","slug":"kontakt","status":"publish","type":"page","link":"https:\/\/boehmerlangi.de\/?page_id=46","title":{"rendered":"Kontakt"},"content":{"rendered":"\n<p class=\"has-medium-font-size\" style=\"font-style:normal;font-weight:600\">Ich w\u00fcrde mich freuen, wenn Sie mit mir Kontakt aufnehmen. Zu speziellen Fragen gebe ich gern n\u00e4here Ausk\u00fcnfte; bei individuellen Anliegen finden wir eine gemeinsame L\u00f6sung. In jedem Fall stehe ich Ihnen mit Rat, Tat und Antworten zur Seite. <\/p>\n\n\n\n<p class=\"has-medium-font-size\" style=\"font-style:normal;font-weight:600\">Pers\u00f6nlich am Telefon: <a href=\"tel:+491772903209\">0177 2903209<\/a> &#8211; Mo-Sa 9-18 Uhr<\/p>\n\n\n\n<p class=\"has-medium-font-size\" style=\"font-style:normal;font-weight:600\">eMail: <a href=\"mailto:kontakt@boehmerlangi.de\" target=\"_blank\" rel=\"noreferrer noopener\">kontakt@boehmerlangi.de<\/a><\/p>\n\n\n\n<p><\/p>\n\n\n\n<p class=\"has-medium-font-size\" style=\"font-style:normal;font-weight:600\">Gern nehme ich auch Ihre Kritik und Anregungen, W\u00fcnsche und \u00c4nderungsvorschl\u00e4ge<br>entgegen.<\/p>\n","protected":false},"excerpt":{"rendered":"<p>Ich w\u00fcrde mich freuen, wenn Sie mit mir Kontakt aufnehmen. Zu speziellen Fragen gebe ich gern n\u00e4here Ausk\u00fcnfte; bei individuellen Anliegen finden wir eine gemeinsame L\u00f6sung. In jedem Fall stehe ich Ihnen mit Rat, Tat und Antworten zur Seite. Pers\u00f6nlich am Telefon: 0177 2903209 &#8211; Mo-Sa 9-18 Uhr eMail: kontakt@boehmerlangi.de Gern nehme ich auch Ihre [&hellip;]<\/p>\n","protected":false},"author":1,"featured_media":0,"parent":0,"menu_order":0,"comment_status":"closed","ping_status":"closed","template":"","meta":{"footnotes":""},"class_list":["post-46","page","type-page","status-publish","hentry"],"_links":{"self":[{"href":"https:\/\/boehmerlangi.de\/index.php?rest_route=\/wp\/v2\/pages\/46","targetHints":{"allow":["GET"]}}],"collection":[{"href":"https:\/\/boehmerlangi.de\/index.php?rest_route=\/wp\/v2\/pages"}],"about":[{"href":"https:\/\/boehmerlangi.de\/index.php?rest_route=\/wp\/v2\/types\/page"}],"author":[{"embeddable":true,"href":"https:\/\/boehmerlangi.de\/index.php?rest_route=\/wp\/v2\/users\/1"}],"replies":[{"embeddable":true,"href":"https:\/\/boehmerlangi.de\/index.php?rest_route=%2Fwp%2Fv2%2Fcomments&post=46"}],"version-history":[{"count":3,"href":"https:\/\/boehmerlangi.de\/index.php?rest_route=\/wp\/v2\/pages\/46\/revisions"}],"predecessor-version":[{"id":385,"href":"https:\/\/boehmerlangi.de\/index.php?rest_route=\/wp\/v2\/pages\/46\/revisions\/385"}],"wp:attachment":[{"href":"https:\/\/boehmerlangi.de\/index.php?rest_route=%2Fwp%2Fv2%2Fmedia&parent=46"}],"curies":[{"name":"wp","href":"https:\/\/api.w.org\/{rel}","templated":true}]}}